{"id":1992,"date":"2023-03-01T17:56:20","date_gmt":"2023-03-01T17:56:20","guid":{"rendered":"https:\/\/septlaxcala.gob.mx\/web\/?page_id=1992"},"modified":"2026-04-20T09:44:10","modified_gmt":"2026-04-20T15:44:10","slug":"materiales_educativos_pnce","status":"publish","type":"page","link":"https:\/\/septlaxcala.gob.mx\/web\/materiales_educativos_pnce\/","title":{"rendered":"Materiales Educativos PNCE"},"content":{"rendered":"\t\t<div data-elementor-type=\"wp-post\" data-elementor-id=\"1992\" class=\"elementor elementor-1992\">\n\t\t\t\t<div class=\"elementor-element elementor-element-95f2198 e-con-full e-flex wpr-particle-no wpr-jarallax-no wpr-parallax-no wpr-sticky-section-no wpr-equal-height-no e-con e-parent\" data-id=\"95f2198\" data-element_type=\"container\" data-e-type=\"container\" data-settings=\"{&quot;background_background&quot;:&quot;gradient&quot;}\">\n\t\t\t\t<div class=\"elementor-element elementor-element-df86068 exad-sticky-section-no exad-glass-effect-no elementor-widget elementor-widget-spacer\" data-id=\"df86068\" data-element_type=\"widget\" data-e-type=\"widget\" data-widget_type=\"spacer.default\">\n\t\t\t\t<div class=\"elementor-widget-container\">\n\t\t\t\t\t\t\t<div class=\"elementor-spacer\">\n\t\t\t<div class=\"elementor-spacer-inner\"><\/div>\n\t\t<\/div>\n\t\t\t\t\t\t<\/div>\n\t\t\t\t<\/div>\n\t\t\t\t<\/div>\n\t\t<div class=\"elementor-element elementor-element-799407f e-con-full e-flex wpr-particle-no wpr-jarallax-no wpr-parallax-no wpr-sticky-section-no wpr-equal-height-no e-con e-parent\" data-id=\"799407f\" data-element_type=\"container\" data-e-type=\"container\" data-settings=\"{&quot;background_background&quot;:&quot;slideshow&quot;,&quot;background_slideshow_gallery&quot;:[{&quot;id&quot;:1311,&quot;url&quot;:&quot;https:\\\/\\\/septlaxcala.gob.mx\\\/web\\\/wp-content\\\/uploads\\\/2023\\\/02\\\/Foto-Aerea-SEPE-USET-5-scaled.jpg&quot;},{&quot;id&quot;:9507,&quot;url&quot;:&quot;https:\\\/\\\/septlaxcala.gob.mx\\\/web\\\/wp-content\\\/uploads\\\/2025\\\/03\\\/6.png&quot;},{&quot;id&quot;:12559,&quot;url&quot;:&quot;https:\\\/\\\/septlaxcala.gob.mx\\\/web\\\/wp-content\\\/uploads\\\/2025\\\/11\\\/schoolboy-counts-the-task-in-his-mind.png&quot;},{&quot;id&quot;:12552,&quot;url&quot;:&quot;https:\\\/\\\/septlaxcala.gob.mx\\\/web\\\/wp-content\\\/uploads\\\/2025\\\/11\\\/lion-reading-a-book.png&quot;}],&quot;background_slideshow_ken_burns&quot;:&quot;yes&quot;,&quot;background_slideshow_loop&quot;:&quot;yes&quot;,&quot;background_slideshow_slide_duration&quot;:5000,&quot;background_slideshow_slide_transition&quot;:&quot;fade&quot;,&quot;background_slideshow_transition_duration&quot;:500,&quot;background_slideshow_ken_burns_zoom_direction&quot;:&quot;in&quot;}\">\n\t\t\t\t<div class=\"elementor-element elementor-element-5b402b9 premium-title-center premium-title-icon-row premium-title-color exad-sticky-section-no exad-glass-effect-no elementor-invisible elementor-widget elementor-widget-premium-addon-title\" data-id=\"5b402b9\" data-element_type=\"widget\" data-e-type=\"widget\" data-settings=\"{&quot;_animation&quot;:&quot;fadeInDown&quot;}\" data-widget_type=\"premium-addon-title.default\">\n\t\t\t\t<div class=\"elementor-widget-container\">\n\t\t\t\t\t\n\t\t<div class=\"premium-title-wrapper\">\n\t\t\t<div class=\"premium-title-container style3\">\n\t\t\t\t<h2 class=\"premium-title-header premium-title-style3\">\n\t\t\t\t\t\n\t\t\t\t\t\t\t\t\t\t\t\t\t\t\t\t\t\t\n\t\t\t\t\t\t\t\t\t\t\t\n\t\t\t\t\t\t\t\t\t\t\t\t\t\t\t<span class=\"premium-title-text\">\n\t\t\t\t\t\tCat\u00e1logo de Materiales\t\t\t\t\t<\/span>\n\t\t\t\t\t\t\n\t\t\t\t\t\t\t\t\t\t\n\t\t\t\t\t\t\t\t\t<\/h2>\n\n\t\t\t<\/div>\n\n\t\t\t\t\t<\/div>\n\n\t\t\t\t\t\t<\/div>\n\t\t\t\t<\/div>\n\t\t\t\t<\/div>\n\t\t<div class=\"elementor-element elementor-element-10e7977 e-con-full e-flex wpr-particle-no wpr-jarallax-no wpr-parallax-no wpr-sticky-section-no wpr-equal-height-no e-con e-parent\" data-id=\"10e7977\" data-element_type=\"container\" data-e-type=\"container\" data-settings=\"{&quot;background_background&quot;:&quot;classic&quot;}\">\n\t\t<div class=\"elementor-element elementor-element-b6eede8 e-grid e-con-full wpr-particle-no wpr-jarallax-no wpr-parallax-no wpr-sticky-section-no wpr-equal-height-no e-con e-child\" data-id=\"b6eede8\" data-element_type=\"container\" data-e-type=\"container\">\n\t\t<div class=\"elementor-element elementor-element-b34f75a e-con-full e-flex wpr-particle-no wpr-jarallax-no wpr-parallax-no wpr-sticky-section-no wpr-equal-height-no elementor-invisible e-con e-child\" data-id=\"b34f75a\" data-element_type=\"container\" data-e-type=\"container\" data-settings=\"{&quot;background_background&quot;:&quot;classic&quot;,&quot;animation&quot;:&quot;bounceInLeft&quot;}\">\n\t\t\t\t<div class=\"elementor-element elementor-element-f1da56e elementor-view-stacked elementor-shape-circle elementor-position-block-start elementor-mobile-position-block-start exad-sticky-section-no exad-glass-effect-no elementor-widget elementor-widget-icon-box\" data-id=\"f1da56e\" data-element_type=\"widget\" data-e-type=\"widget\" data-widget_type=\"icon-box.default\">\n\t\t\t\t<div class=\"elementor-widget-container\">\n\t\t\t\t\t\t\t<div class=\"elementor-icon-box-wrapper\">\n\n\t\t\t\t\t\t<div class=\"elementor-icon-box-icon\">\n\t\t\t\t<a href=\"https:\/\/septlaxcala.gob.mx\/web\/wp-content\/uploads\/2023\/03\/RECIBO-1.docx\" class=\"elementor-icon elementor-animation-pulse\" tabindex=\"-1\" aria-label=\"Cat\u00e1logo de Materiales\">\n\t\t\t\t<i aria-hidden=\"true\" class=\"far fa-check-square\"><\/i>\t\t\t\t<\/a>\n\t\t\t<\/div>\n\t\t\t\n\t\t\t\t\t\t<div class=\"elementor-icon-box-content\">\n\n\t\t\t\t\t\t\t\t\t<h4 class=\"elementor-icon-box-title\">\n\t\t\t\t\t\t<a href=\"https:\/\/septlaxcala.gob.mx\/web\/wp-content\/uploads\/2023\/03\/RECIBO-1.docx\" >\n\t\t\t\t\t\t\tCat\u00e1logo de Materiales\t\t\t\t\t\t<\/a>\n\t\t\t\t\t<\/h4>\n\t\t\t\t\n\t\t\t\t\n\t\t\t<\/div>\n\t\t\t\n\t\t<\/div>\n\t\t\t\t\t\t<\/div>\n\t\t\t\t<\/div>\n\t\t\t\t<div class=\"elementor-element elementor-element-7f8116c exad-sticky-section-no exad-glass-effect-no elementor-widget elementor-widget-text-editor\" data-id=\"7f8116c\" data-element_type=\"widget\" data-e-type=\"widget\" data-widget_type=\"text-editor.default\">\n\t\t\t\t<div class=\"elementor-widget-container\">\n\t\t\t\t\t\t\t\t\t<p><a href=\"https:\/\/septlaxcala.gob.mx\/web\/3d-flip-book\/catalogo_pnce\/\">Cat\u00e1logo PNCE<\/a><br \/><a href=\"https:\/\/septlaxcala.gob.mx\/web\/3d-flip-book\/infografia_pnce\/\">Infograf\u00eda PNCE<\/a><\/p>\t\t\t\t\t\t\t\t<\/div>\n\t\t\t\t<\/div>\n\t\t\t\t<\/div>\n\t\t<div class=\"elementor-element elementor-element-2974dcd e-con-full e-flex wpr-particle-no wpr-jarallax-no wpr-parallax-no wpr-sticky-section-no wpr-equal-height-no elementor-invisible e-con e-child\" data-id=\"2974dcd\" data-element_type=\"container\" data-e-type=\"container\" data-settings=\"{&quot;background_background&quot;:&quot;classic&quot;,&quot;animation&quot;:&quot;bounceInUp&quot;}\">\n\t\t\t\t<div class=\"elementor-element elementor-element-7a75b3c elementor-view-stacked elementor-shape-circle elementor-position-block-start elementor-mobile-position-block-start exad-sticky-section-no exad-glass-effect-no elementor-widget elementor-widget-icon-box\" data-id=\"7a75b3c\" data-element_type=\"widget\" data-e-type=\"widget\" data-widget_type=\"icon-box.default\">\n\t\t\t\t<div class=\"elementor-widget-container\">\n\t\t\t\t\t\t\t<div class=\"elementor-icon-box-wrapper\">\n\n\t\t\t\t\t\t<div class=\"elementor-icon-box-icon\">\n\t\t\t\t<a href=\"https:\/\/septlaxcala.gob.mx\/web\/wp-content\/uploads\/2023\/03\/CUADRO-COMPARATIVO-1.xls\" class=\"elementor-icon elementor-animation-pulse\" tabindex=\"-1\" aria-label=\"Fichas PNCE Diversidad\">\n\t\t\t\t<i aria-hidden=\"true\" class=\"far fa-check-square\"><\/i>\t\t\t\t<\/a>\n\t\t\t<\/div>\n\t\t\t\n\t\t\t\t\t\t<div class=\"elementor-icon-box-content\">\n\n\t\t\t\t\t\t\t\t\t<h4 class=\"elementor-icon-box-title\">\n\t\t\t\t\t\t<a href=\"https:\/\/septlaxcala.gob.mx\/web\/wp-content\/uploads\/2023\/03\/CUADRO-COMPARATIVO-1.xls\" >\n\t\t\t\t\t\t\tFichas PNCE Diversidad\t\t\t\t\t\t<\/a>\n\t\t\t\t\t<\/h4>\n\t\t\t\t\n\t\t\t\t\n\t\t\t<\/div>\n\t\t\t\n\t\t<\/div>\n\t\t\t\t\t\t<\/div>\n\t\t\t\t<\/div>\n\t\t\t\t<div class=\"elementor-element elementor-element-437700f exad-sticky-section-no exad-glass-effect-no elementor-widget elementor-widget-text-editor\" data-id=\"437700f\" data-element_type=\"widget\" data-e-type=\"widget\" data-widget_type=\"text-editor.default\">\n\t\t\t\t<div class=\"elementor-widget-container\">\n\t\t\t\t\t\t\t\t\t<p><a href=\"https:\/\/septlaxcala.gob.mx\/web\/3d-flip-book\/01_ficha_legal\/\">Ficha Legal<\/a><br \/><a href=\"https:\/\/septlaxcala.gob.mx\/web\/3d-flip-book\/02_ficha_introductoria_diversidad\/\">Introducci\u00f3n Diversidad<\/a><br \/><a href=\"https:\/\/septlaxcala.gob.mx\/web\/3d-flip-book\/22_gallinita_ciega\/\">Gallinita Ciega<\/a><br \/><a href=\"https:\/\/septlaxcala.gob.mx\/web\/3d-flip-book\/23_las_apariencias_enganan\/\">Las Apariencias Enga\u00f1an<\/a><br \/><a href=\"https:\/\/septlaxcala.gob.mx\/web\/3d-flip-book\/25_iguales_direfentes\/\">Iguales Diferentes<\/a><br \/><a href=\"https:\/\/septlaxcala.gob.mx\/web\/3d-flip-book\/26_alguien_es_mejor\/\">Alguien es Mejor<\/a><br \/><a href=\"https:\/\/septlaxcala.gob.mx\/web\/3d-flip-book\/28_discriminas\/\">Discriminas<\/a><br \/><a href=\"https:\/\/septlaxcala.gob.mx\/web\/3d-flip-book\/29_ser_yo\/\">Ser Yo<\/a><\/p>\t\t\t\t\t\t\t\t<\/div>\n\t\t\t\t<\/div>\n\t\t\t\t<\/div>\n\t\t<div class=\"elementor-element elementor-element-4c64042 e-con-full e-flex wpr-particle-no wpr-jarallax-no wpr-parallax-no wpr-sticky-section-no wpr-equal-height-no elementor-invisible e-con e-child\" data-id=\"4c64042\" data-element_type=\"container\" data-e-type=\"container\" data-settings=\"{&quot;background_background&quot;:&quot;classic&quot;,&quot;animation&quot;:&quot;bounceInRight&quot;}\">\n\t\t\t\t<div class=\"elementor-element elementor-element-bb8affc elementor-view-stacked elementor-shape-circle elementor-position-block-start elementor-mobile-position-block-start exad-sticky-section-no exad-glass-effect-no elementor-widget elementor-widget-icon-box\" data-id=\"bb8affc\" data-element_type=\"widget\" data-e-type=\"widget\" data-widget_type=\"icon-box.default\">\n\t\t\t\t<div class=\"elementor-widget-container\">\n\t\t\t\t\t\t\t<div class=\"elementor-icon-box-wrapper\">\n\n\t\t\t\t\t\t<div class=\"elementor-icon-box-icon\">\n\t\t\t\t<a href=\"https:\/\/septlaxcala.gob.mx\/web\/wp-content\/uploads\/2023\/03\/FORMATOS-VIATICOS-1.xlsx\" class=\"elementor-icon elementor-animation-pulse\" tabindex=\"-1\" aria-label=\"Fichas PNCE Derechos Humanos\">\n\t\t\t\t<i aria-hidden=\"true\" class=\"far fa-check-square\"><\/i>\t\t\t\t<\/a>\n\t\t\t<\/div>\n\t\t\t\n\t\t\t\t\t\t<div class=\"elementor-icon-box-content\">\n\n\t\t\t\t\t\t\t\t\t<h4 class=\"elementor-icon-box-title\">\n\t\t\t\t\t\t<a href=\"https:\/\/septlaxcala.gob.mx\/web\/wp-content\/uploads\/2023\/03\/FORMATOS-VIATICOS-1.xlsx\" >\n\t\t\t\t\t\t\tFichas PNCE Derechos Humanos\t\t\t\t\t\t<\/a>\n\t\t\t\t\t<\/h4>\n\t\t\t\t\n\t\t\t\t\n\t\t\t<\/div>\n\t\t\t\n\t\t<\/div>\n\t\t\t\t\t\t<\/div>\n\t\t\t\t<\/div>\n\t\t\t\t<div class=\"elementor-element elementor-element-dcbf3e9 exad-sticky-section-no exad-glass-effect-no elementor-widget elementor-widget-text-editor\" data-id=\"dcbf3e9\" data-element_type=\"widget\" data-e-type=\"widget\" data-widget_type=\"text-editor.default\">\n\t\t\t\t<div class=\"elementor-widget-container\">\n\t\t\t\t\t\t\t\t\t<p><a href=\"https:\/\/septlaxcala.gob.mx\/web\/3d-flip-book\/01_legal\/\">Ficha Legal<\/a><br \/><a href=\"https:\/\/septlaxcala.gob.mx\/web\/3d-flip-book\/02_derechos_humanos\/\">Derechos Humanos<\/a><br \/><a href=\"https:\/\/septlaxcala.gob.mx\/web\/3d-flip-book\/32_vamos_a_la_escuela\/\">Vamos a la Escuela<\/a><br \/><a href=\"https:\/\/septlaxcala.gob.mx\/web\/3d-flip-book\/33_en_el_pedir\/\">En el Pedir<\/a><br \/><a href=\"https:\/\/septlaxcala.gob.mx\/web\/3d-flip-book\/35_derecho_educacion\/\">Derecho Educaci\u00f3n<\/a><br \/><a href=\"https:\/\/septlaxcala.gob.mx\/web\/3d-flip-book\/36_participar_cosa_ninos\/\">Participar Cosa Ni\u00f1os<\/a><br \/><a href=\"https:\/\/septlaxcala.gob.mx\/web\/3d-flip-book\/38_nosotros_contamos\/\">Nosotros Contamos<\/a><br \/><a href=\"https:\/\/septlaxcala.gob.mx\/web\/3d-flip-book\/39_merecemos_nos_traten_bien\/\">Merecemos Trato Bien<\/a><\/p>\t\t\t\t\t\t\t\t<\/div>\n\t\t\t\t<\/div>\n\t\t\t\t<\/div>\n\t\t<div class=\"elementor-element elementor-element-debcb3b e-con-full e-flex wpr-particle-no wpr-jarallax-no wpr-parallax-no wpr-sticky-section-no wpr-equal-height-no elementor-invisible e-con e-child\" data-id=\"debcb3b\" data-element_type=\"container\" data-e-type=\"container\" data-settings=\"{&quot;background_background&quot;:&quot;classic&quot;,&quot;animation&quot;:&quot;bounceInLeft&quot;}\">\n\t\t\t\t<div class=\"elementor-element elementor-element-81e4e50 elementor-view-stacked elementor-shape-circle elementor-position-block-start elementor-mobile-position-block-start exad-sticky-section-no exad-glass-effect-no elementor-widget elementor-widget-icon-box\" data-id=\"81e4e50\" data-element_type=\"widget\" data-e-type=\"widget\" data-widget_type=\"icon-box.default\">\n\t\t\t\t<div class=\"elementor-widget-container\">\n\t\t\t\t\t\t\t<div class=\"elementor-icon-box-wrapper\">\n\n\t\t\t\t\t\t<div class=\"elementor-icon-box-icon\">\n\t\t\t\t<a href=\"https:\/\/septlaxcala.gob.mx\/web\/wp-content\/uploads\/2023\/03\/SOLICITUD-DE-GASTOS-A-COMPROBAR-Y-DESGLOSE-DE-GASTOS-1.docx\" class=\"elementor-icon elementor-animation-pulse\" tabindex=\"-1\" aria-label=\"Fichas PNCE Igualdad de G\u00e9nero\">\n\t\t\t\t<i aria-hidden=\"true\" class=\"far fa-check-square\"><\/i>\t\t\t\t<\/a>\n\t\t\t<\/div>\n\t\t\t\n\t\t\t\t\t\t<div class=\"elementor-icon-box-content\">\n\n\t\t\t\t\t\t\t\t\t<h4 class=\"elementor-icon-box-title\">\n\t\t\t\t\t\t<a href=\"https:\/\/septlaxcala.gob.mx\/web\/wp-content\/uploads\/2023\/03\/SOLICITUD-DE-GASTOS-A-COMPROBAR-Y-DESGLOSE-DE-GASTOS-1.docx\" >\n\t\t\t\t\t\t\tFichas PNCE Igualdad de G\u00e9nero\t\t\t\t\t\t<\/a>\n\t\t\t\t\t<\/h4>\n\t\t\t\t\n\t\t\t\t\n\t\t\t<\/div>\n\t\t\t\n\t\t<\/div>\n\t\t\t\t\t\t<\/div>\n\t\t\t\t<\/div>\n\t\t\t\t<div class=\"elementor-element elementor-element-8ad52b8 exad-sticky-section-no exad-glass-effect-no elementor-widget elementor-widget-text-editor\" data-id=\"8ad52b8\" data-element_type=\"widget\" data-e-type=\"widget\" data-widget_type=\"text-editor.default\">\n\t\t\t\t<div class=\"elementor-widget-container\">\n\t\t\t\t\t\t\t\t\t<p><a href=\"https:\/\/septlaxcala.gob.mx\/web\/3d-flip-book\/02_igualdad_genero-2\/\">Igualdad de G\u00e9nero<\/a><br \/><a href=\"https:\/\/septlaxcala.gob.mx\/web\/3d-flip-book\/13_canicas_y_munecas\/\">Canicas y Mu\u00f1ecas<\/a><br \/><a href=\"https:\/\/septlaxcala.gob.mx\/web\/3d-flip-book\/15_arriba_sonrisas\/\">Arriba Sonrisas<\/a><br \/><a href=\"https:\/\/septlaxcala.gob.mx\/web\/3d-flip-book\/16_mujeres_oficina_hombres\/\">Mujeres Oficina Hombres<\/a><br \/><a href=\"https:\/\/septlaxcala.gob.mx\/web\/3d-flip-book\/18_amor_libertad\/\">Amor Libertad<\/a><br \/><a href=\"https:\/\/septlaxcala.gob.mx\/web\/3d-flip-book\/19_el_que_pega_paga\/\">El que Pega Paga<\/a><br \/><a href=\"https:\/\/septlaxcala.gob.mx\/web\/3d-flip-book\/ficha_legal\/\">Ficha Legal<\/a><\/p>\t\t\t\t\t\t\t\t<\/div>\n\t\t\t\t<\/div>\n\t\t\t\t<\/div>\n\t\t<div class=\"elementor-element elementor-element-fbb697b e-con-full e-flex wpr-particle-no wpr-jarallax-no wpr-parallax-no wpr-sticky-section-no wpr-equal-height-no elementor-invisible e-con e-child\" data-id=\"fbb697b\" data-element_type=\"container\" data-e-type=\"container\" data-settings=\"{&quot;background_background&quot;:&quot;classic&quot;,&quot;animation&quot;:&quot;bounceInUp&quot;}\">\n\t\t\t\t<div class=\"elementor-element elementor-element-5384550 elementor-view-stacked elementor-shape-circle elementor-position-block-start elementor-mobile-position-block-start exad-sticky-section-no exad-glass-effect-no elementor-widget elementor-widget-icon-box\" data-id=\"5384550\" data-element_type=\"widget\" data-e-type=\"widget\" data-widget_type=\"icon-box.default\">\n\t\t\t\t<div class=\"elementor-widget-container\">\n\t\t\t\t\t\t\t<div class=\"elementor-icon-box-wrapper\">\n\n\t\t\t\t\t\t<div class=\"elementor-icon-box-icon\">\n\t\t\t\t<a href=\"https:\/\/septlaxcala.gob.mx\/web\/wp-content\/uploads\/2023\/03\/FORMATOS-COMPROBACION-DE-GASTOS-2023.xls\" class=\"elementor-icon elementor-animation-pulse\" tabindex=\"-1\" aria-label=\"Materiales Preescolar\">\n\t\t\t\t<i aria-hidden=\"true\" class=\"far fa-check-square\"><\/i>\t\t\t\t<\/a>\n\t\t\t<\/div>\n\t\t\t\n\t\t\t\t\t\t<div class=\"elementor-icon-box-content\">\n\n\t\t\t\t\t\t\t\t\t<h4 class=\"elementor-icon-box-title\">\n\t\t\t\t\t\t<a href=\"https:\/\/septlaxcala.gob.mx\/web\/wp-content\/uploads\/2023\/03\/FORMATOS-COMPROBACION-DE-GASTOS-2023.xls\" >\n\t\t\t\t\t\t\tMateriales Preescolar\t\t\t\t\t\t<\/a>\n\t\t\t\t\t<\/h4>\n\t\t\t\t\n\t\t\t\t\n\t\t\t<\/div>\n\t\t\t\n\t\t<\/div>\n\t\t\t\t\t\t<\/div>\n\t\t\t\t<\/div>\n\t\t\t\t<div class=\"elementor-element elementor-element-e5fea0e exad-sticky-section-no exad-glass-effect-no elementor-widget elementor-widget-text-editor\" data-id=\"e5fea0e\" data-element_type=\"widget\" data-e-type=\"widget\" data-widget_type=\"text-editor.default\">\n\t\t\t\t<div class=\"elementor-widget-container\">\n\t\t\t\t\t\t\t\t\t<p><a href=\"https:\/\/septlaxcala.gob.mx\/web\/3d-flip-book\/preescolar_cuaderno_pnce_2019\/\">Consultar Cuaderno<\/a><br \/><a href=\"https:\/\/septlaxcala.gob.mx\/web\/3d-flip-book\/preescolar_guia_docente_pnce_2019\/\">Consultar Gu\u00eda Docente<\/a><\/p>\t\t\t\t\t\t\t\t<\/div>\n\t\t\t\t<\/div>\n\t\t\t\t<\/div>\n\t\t<div class=\"elementor-element elementor-element-7041b1d e-con-full e-flex wpr-particle-no wpr-jarallax-no wpr-parallax-no wpr-sticky-section-no wpr-equal-height-no elementor-invisible e-con e-child\" data-id=\"7041b1d\" data-element_type=\"container\" data-e-type=\"container\" data-settings=\"{&quot;background_background&quot;:&quot;classic&quot;,&quot;animation&quot;:&quot;bounceInRight&quot;}\">\n\t\t\t\t<div class=\"elementor-element elementor-element-cafdcab elementor-view-stacked elementor-shape-circle elementor-position-block-start elementor-mobile-position-block-start exad-sticky-section-no exad-glass-effect-no elementor-widget elementor-widget-icon-box\" data-id=\"cafdcab\" data-element_type=\"widget\" data-e-type=\"widget\" data-widget_type=\"icon-box.default\">\n\t\t\t\t<div class=\"elementor-widget-container\">\n\t\t\t\t\t\t\t<div class=\"elementor-icon-box-wrapper\">\n\n\t\t\t\t\t\t<div class=\"elementor-icon-box-icon\">\n\t\t\t\t<a href=\"https:\/\/septlaxcala.gob.mx\/web\/wp-content\/uploads\/2023\/03\/FORMATOS-COMPROBACION-DE-GASTOS-2023.xls\" class=\"elementor-icon elementor-animation-pulse\" tabindex=\"-1\" aria-label=\"Materiales Primaria\">\n\t\t\t\t<i aria-hidden=\"true\" class=\"far fa-check-square\"><\/i>\t\t\t\t<\/a>\n\t\t\t<\/div>\n\t\t\t\n\t\t\t\t\t\t<div class=\"elementor-icon-box-content\">\n\n\t\t\t\t\t\t\t\t\t<h4 class=\"elementor-icon-box-title\">\n\t\t\t\t\t\t<a href=\"https:\/\/septlaxcala.gob.mx\/web\/wp-content\/uploads\/2023\/03\/FORMATOS-COMPROBACION-DE-GASTOS-2023.xls\" >\n\t\t\t\t\t\t\tMateriales Primaria\t\t\t\t\t\t<\/a>\n\t\t\t\t\t<\/h4>\n\t\t\t\t\n\t\t\t\t\n\t\t\t<\/div>\n\t\t\t\n\t\t<\/div>\n\t\t\t\t\t\t<\/div>\n\t\t\t\t<\/div>\n\t\t\t\t<div class=\"elementor-element elementor-element-e6449cf exad-sticky-section-no exad-glass-effect-no elementor-widget elementor-widget-text-editor\" data-id=\"e6449cf\" data-element_type=\"widget\" data-e-type=\"widget\" data-widget_type=\"text-editor.default\">\n\t\t\t\t<div class=\"elementor-widget-container\">\n\t\t\t\t\t\t\t\t\t<p><a href=\"https:\/\/septlaxcala.gob.mx\/web\/3d-flip-book\/1_cuaderno_pnce\/\">1\u00b0 Cuaderno PNCE<\/a><br \/><a href=\"https:\/\/septlaxcala.gob.mx\/web\/3d-flip-book\/2_cuaderno_pnce\/\">2\u00b0 Cuaderno PNCE<\/a><br \/><a href=\"https:\/\/septlaxcala.gob.mx\/web\/?post_type=3d-flip-book&amp;p=2056&amp;preview=true\">3\u00b0 Cuaderno PNCE<\/a><br \/><a href=\"https:\/\/septlaxcala.gob.mx\/web\/3d-flip-book\/4_cuaderno_pnce\/\">4\u00b0 Cuaderno PNCE<\/a><br \/><a href=\"https:\/\/septlaxcala.gob.mx\/web\/3d-flip-book\/5_cuaderno_pnce_2019\/\">5\u00b0 Cuaderno PNCE<\/a><br \/><a href=\"https:\/\/septlaxcala.gob.mx\/web\/3d-flip-book\/6_cuaderno_pnce\/\">6\u00b0 Cuaderno PNCE<\/a><br \/><a href=\"https:\/\/septlaxcala.gob.mx\/web\/3d-flip-book\/primaria_guia_docente_pnce_2019\/\">Primera Gu\u00eda Docente PNCE<\/a><\/p>\t\t\t\t\t\t\t\t<\/div>\n\t\t\t\t<\/div>\n\t\t\t\t<\/div>\n\t\t\t\t<\/div>\n\t\t\t\t<\/div>\n\t\t\t\t<\/div>\n\t\t","protected":false},"excerpt":{"rendered":"<p>Cat\u00e1logo de Materiales Cat\u00e1logo de Materiales Cat\u00e1logo PNCEInfograf\u00eda PNCE Fichas PNCE Diversidad Ficha LegalIntroducci\u00f3n DiversidadGallinita CiegaLas Apariencias Enga\u00f1anIguales DiferentesAlguien es MejorDiscriminasSer Yo Fichas PNCE Derechos Humanos Ficha LegalDerechos HumanosVamos a la EscuelaEn el PedirDerecho Educaci\u00f3nParticipar Cosa Ni\u00f1osNosotros ContamosMerecemos Trato Bien Fichas PNCE Igualdad de G\u00e9nero Igualdad de G\u00e9neroCanicas y Mu\u00f1ecasArriba SonrisasMujeres Oficina HombresAmor LibertadEl que Pega PagaFicha Legal Materiales Preescolar Consultar CuadernoConsultar Gu\u00eda Docente Materiales Primaria 1\u00b0 Cuaderno PNCE2\u00b0 Cuaderno PNCE3\u00b0 Cuaderno PNCE4\u00b0 Cuaderno PNCE5\u00b0 Cuaderno PNCE6\u00b0 Cuaderno PNCEPrimera Gu\u00eda Docente PNCE<\/p>\n","protected":false},"author":1,"featured_media":0,"parent":0,"menu_order":0,"comment_status":"closed","ping_status":"closed","template":"","meta":{"_monsterinsights_skip_tracking":false,"_monsterinsights_sitenote_active":false,"_monsterinsights_sitenote_note":"","_monsterinsights_sitenote_category":0,"site-sidebar-layout":"no-sidebar","site-content-layout":"page-builder","ast-site-content-layout":"default","site-content-style":"default","site-sidebar-style":"default","ast-global-header-display":"","ast-banner-title-visibility":"","ast-main-header-display":"","ast-hfb-above-header-display":"","ast-hfb-below-header-display":"","ast-hfb-mobile-header-display":"","site-post-title":"disabled","ast-breadcrumbs-content":"","ast-featured-img":"disabled","footer-sml-layout":"","ast-disable-related-posts":"","theme-transparent-header-meta":"enabled","adv-header-id-meta":"","stick-header-meta":"","header-above-stick-meta":"","header-main-stick-meta":"","header-below-stick-meta":"","astra-migrate-meta-layouts":"default","ast-page-background-enabled":"default","ast-page-background-meta":{"desktop":{"background-color":"","background-image":"","background-repeat":"repeat","background-position":"center center","background-size":"auto","background-attachment":"scroll","background-type":"","background-media":"","overlay-type":"","overlay-color":"","overlay-opacity":"","overlay-gradient":""},"tablet":{"background-color":"","background-image":"","background-repeat":"repeat","background-position":"center center","background-size":"auto","background-attachment":"scroll","background-type":"","background-media":"","overlay-type":"","overlay-color":"","overlay-opacity":"","overlay-gradient":""},"mobile":{"background-color":"","background-image":"","background-repeat":"repeat","background-position":"center center","background-size":"auto","background-attachment":"scroll","background-type":"","background-media":"","overlay-type":"","overlay-color":"","overlay-opacity":"","overlay-gradient":""}},"ast-content-background-meta":{"desktop":{"background-color":"var(--ast-global-color-5)","background-image":"","background-repeat":"repeat","background-position":"center center","background-size":"auto","background-attachment":"scroll","background-type":"","background-media":"","overlay-type":"","overlay-color":"","overlay-opacity":"","overlay-gradient":""},"tablet":{"background-color":"var(--ast-global-color-5)","background-image":"","background-repeat":"repeat","background-position":"center center","background-size":"auto","background-attachment":"scroll","background-type":"","background-media":"","overlay-type":"","overlay-color":"","overlay-opacity":"","overlay-gradient":""},"mobile":{"background-color":"var(--ast-global-color-5)","background-image":"","background-repeat":"repeat","background-position":"center center","background-size":"auto","background-attachment":"scroll","background-type":"","background-media":"","overlay-type":"","overlay-color":"","overlay-opacity":"","overlay-gradient":""}},"footnotes":""},"class_list":["post-1992","page","type-page","status-publish","hentry"],"_links":{"self":[{"href":"https:\/\/septlaxcala.gob.mx\/web\/wp-json\/wp\/v2\/pages\/1992","targetHints":{"allow":["GET"]}}],"collection":[{"href":"https:\/\/septlaxcala.gob.mx\/web\/wp-json\/wp\/v2\/pages"}],"about":[{"href":"https:\/\/septlaxcala.gob.mx\/web\/wp-json\/wp\/v2\/types\/page"}],"author":[{"embeddable":true,"href":"https:\/\/septlaxcala.gob.mx\/web\/wp-json\/wp\/v2\/users\/1"}],"replies":[{"embeddable":true,"href":"https:\/\/septlaxcala.gob.mx\/web\/wp-json\/wp\/v2\/comments?post=1992"}],"version-history":[{"count":49,"href":"https:\/\/septlaxcala.gob.mx\/web\/wp-json\/wp\/v2\/pages\/1992\/revisions"}],"predecessor-version":[{"id":14981,"href":"https:\/\/septlaxcala.gob.mx\/web\/wp-json\/wp\/v2\/pages\/1992\/revisions\/14981"}],"wp:attachment":[{"href":"https:\/\/septlaxcala.gob.mx\/web\/wp-json\/wp\/v2\/media?parent=1992"}],"curies":[{"name":"wp","href":"https:\/\/api.w.org\/{rel}","templated":true}]}}